{"id":292,"date":"2023-11-08T10:15:27","date_gmt":"2023-11-08T09:15:27","guid":{"rendered":"https:\/\/lemanoirdeco.com\/?page_id=292"},"modified":"2024-10-28T12:24:58","modified_gmt":"2024-10-28T11:24:58","slug":"nos-sur-mesure","status":"publish","type":"page","link":"https:\/\/lemanoirdeco.com\/index.php\/nos-sur-mesure\/","title":{"rendered":"Nos sur-mesure"},"content":{"rendered":"\t\t<div data-elementor-type=\"wp-page\" data-elementor-id=\"292\" class=\"elementor elementor-292\">\n\t\t\t\t<div class=\"elementor-element elementor-element-e95c108 e-flex e-con-boxed e-con e-parent\" data-id=\"e95c108\" data-element_type=\"container\">\n\t\t\t\t\t<div class=\"e-con-inner\">\n\t\t<div class=\"elementor-element elementor-element-63944c3 e-con-full e-flex e-con e-child\" data-id=\"63944c3\" data-element_type=\"container\">\n\t\t\t\t<div class=\"elementor-element elementor-element-849aca3 elementor-arrows-position-inside elementor-pagination-position-outside elementor-widget elementor-widget-image-carousel\" data-id=\"849aca3\" data-element_type=\"widget\" data-settings=\"{&quot;slides_to_show&quot;:&quot;2&quot;,&quot;navigation&quot;:&quot;both&quot;,&quot;autoplay&quot;:&quot;yes&quot;,&quot;pause_on_hover&quot;:&quot;yes&quot;,&quot;pause_on_interaction&quot;:&quot;yes&quot;,&quot;autoplay_speed&quot;:5000,&quot;infinite&quot;:&quot;yes&quot;,&quot;speed&quot;:500,&quot;image_spacing_custom&quot;:{&quot;unit&quot;:&quot;px&quot;,&quot;size&quot;:20,&quot;sizes&quot;:[]},&quot;image_spacing_custom_tablet&quot;:{&quot;unit&quot;:&quot;px&quot;,&quot;size&quot;:&quot;&quot;,&quot;sizes&quot;:[]},&quot;image_spacing_custom_mobile&quot;:{&quot;unit&quot;:&quot;px&quot;,&quot;size&quot;:&quot;&quot;,&quot;sizes&quot;:[]}}\" data-widget_type=\"image-carousel.default\">\n\t\t\t\t<div class=\"elementor-widget-container\">\n\t\t\t\t\t<div class=\"elementor-image-carousel-wrapper swiper\" dir=\"ltr\">\n\t\t\t<div class=\"elementor-image-carousel swiper-wrapper\" aria-live=\"off\">\n\t\t\t\t\t\t\t\t<div class=\"swiper-slide\" role=\"group\" aria-roledescription=\"slide\" aria-label=\"1 of 4\"><figure class=\"swiper-slide-inner\"><img data-opt-id=1934990465  fetchpriority=\"high\" decoding=\"async\" class=\"swiper-slide-image\" src=\"https:\/\/mlnz6ajpdpgw.i.optimole.com\/cb:nZaz.3ac7\/w:810\/h:1080\/q:90\/ig:avif\/https:\/\/lemanoirdeco.com\/wp-content\/uploads\/2024\/05\/IMG_8520-2.jpeg\" alt=\"bruno\" \/><\/figure><\/div><div class=\"swiper-slide\" role=\"group\" aria-roledescription=\"slide\" aria-label=\"2 of 4\"><figure class=\"swiper-slide-inner\"><img data-opt-id=1415068997  fetchpriority=\"high\" decoding=\"async\" class=\"swiper-slide-image\" src=\"https:\/\/mlnz6ajpdpgw.i.optimole.com\/cb:nZaz.3ac7\/w:810\/h:1080\/q:90\/ig:avif\/https:\/\/lemanoirdeco.com\/wp-content\/uploads\/2024\/03\/IMG_8421.jpeg\" alt=\"bernadette\" \/><\/figure><\/div><div class=\"swiper-slide\" role=\"group\" aria-roledescription=\"slide\" aria-label=\"3 of 4\"><figure class=\"swiper-slide-inner\"><img data-opt-id=1013669305  decoding=\"async\" class=\"swiper-slide-image\" src=\"https:\/\/mlnz6ajpdpgw.i.optimole.com\/cb:nZaz.3ac7\/w:810\/h:1080\/q:90\/ig:avif\/https:\/\/lemanoirdeco.com\/wp-content\/uploads\/2024\/05\/IMG_9015.jpeg\" alt=\"roxane-3 tailles\" \/><\/figure><\/div><div class=\"swiper-slide\" role=\"group\" aria-roledescription=\"slide\" aria-label=\"4 of 4\"><figure class=\"swiper-slide-inner\"><img data-opt-id=554547198  decoding=\"async\" class=\"swiper-slide-image\" src=\"https:\/\/mlnz6ajpdpgw.i.optimole.com\/cb:nZaz.3ac7\/w:810\/h:1080\/q:90\/ig:avif\/https:\/\/lemanoirdeco.com\/wp-content\/uploads\/2024\/03\/IMG_8799.jpeg\" alt=\"catherine\" \/><\/figure><\/div>\t\t\t<\/div>\n\t\t\t\t\t\t\t\t\t\t\t\t<div class=\"elementor-swiper-button elementor-swiper-button-prev\" role=\"button\" tabindex=\"0\">\n\t\t\t\t\t\t<i aria-hidden=\"true\" class=\"eicon-chevron-left\"><\/i>\t\t\t\t\t<\/div>\n\t\t\t\t\t<div class=\"elementor-swiper-button elementor-swiper-button-next\" role=\"button\" tabindex=\"0\">\n\t\t\t\t\t\t<i aria-hidden=\"true\" class=\"eicon-chevron-right\"><\/i>\t\t\t\t\t<\/div>\n\t\t\t\t\n\t\t\t\t\t\t\t\t\t<div class=\"swiper-pagination\"><\/div>\n\t\t\t\t\t\t\t\t\t<\/div>\n\t\t\t\t<\/div>\n\t\t\t\t<\/div>\n\t\t\t\t<\/div>\n\t\t\t\t<div class=\"elementor-element elementor-element-3d929b7 elementor-widget elementor-widget-text-editor\" data-id=\"3d929b7\" data-element_type=\"widget\" data-widget_type=\"text-editor.default\">\n\t\t\t\t<div class=\"elementor-widget-container\">\n\t\t\t\t\t\t\t<p><span style=\"font-weight: 400;\">Remplissez notre formulaire ci-dessous pour vos demandes personnalis\u00e9es. Apr\u00e8s analyse de votre requ\u00eate, nous pourrons vous \u00e9tablir un devis pour la fabrication de vos coussins, rideaux ou couvres-lits sur-mesure.<\/span><\/p><p><span style=\"font-weight: 400;\">Attention, les d\u00e9lais de fabrication et de livraison seront plus longs. <\/span><span style=\"font-weight: 400;\">D\u00e8s validation du devis, comptez 3 semaines de d\u00e9lais suppl\u00e9mentaires.<\/span><\/p>\t\t\t\t\t\t<\/div>\n\t\t\t\t<\/div>\n\t\t\t\t\t<\/div>\n\t\t\t\t<\/div>\n\t\t<div class=\"elementor-element elementor-element-35ab2ba e-con-full e-flex e-con e-parent\" data-id=\"35ab2ba\" data-element_type=\"container\">\n\t\t\t\t<div class=\"elementor-element elementor-element-107d9ef elementor-widget__width-initial elementor-widget-mobile__width-initial elementor-widget elementor-widget-wpforms\" data-id=\"107d9ef\" data-element_type=\"widget\" data-widget_type=\"wpforms.default\">\n\t\t\t\t<div class=\"elementor-widget-container\">\n\t\t\t<style id=\"wpforms-css-vars-elementor-widget-107d9ef\">\n\t\t\t\t.elementor-widget-wpforms.elementor-element-107d9ef {\n\t\t\t\t--wpforms-field-text-color: #463D3F;\n--wpforms-button-background-color: #BB9E09;\n\t\t\t}\n\t\t\t<\/style><div class=\"wpforms-container wpforms-container-full wpforms-render-modern\" id=\"wpforms-295\"><form id=\"wpforms-form-295\" class=\"wpforms-validate wpforms-form wpforms-ajax-form\" data-formid=\"295\" method=\"post\" enctype=\"multipart\/form-data\" action=\"\/index.php\/wp-json\/wp\/v2\/pages\/292\" data-token=\"06f5f50319f2f2b0ec1dfa70da9e6861\" data-token-time=\"1776518585\"><div class=\"wpforms-head-container\"><div class=\"wpforms-title\">Demande de fabrication sur-mesure<\/div><\/div><noscript class=\"wpforms-error-noscript\">Please enable JavaScript in your browser to complete this form.<\/noscript><div id=\"wpforms-error-noscript\" style=\"display: none;\">Please enable JavaScript in your browser to complete this form.<\/div><div class=\"wpforms-field-container\"><div id=\"wpforms-295-field_0-container\" class=\"wpforms-field wpforms-field-name\" data-field-id=\"0\"><fieldset><legend class=\"wpforms-field-label\">Nom <span class=\"wpforms-required-label\" aria-hidden=\"true\">*<\/span><\/legend><div class=\"wpforms-field-row wpforms-field-medium\"><div class=\"wpforms-field-row-block wpforms-first wpforms-one-half\"><input type=\"text\" id=\"wpforms-295-field_0\" class=\"wpforms-field-name-first wpforms-field-required\" name=\"wpforms[fields][0][first]\" aria-errormessage=\"wpforms-295-field_0-error\" required><label for=\"wpforms-295-field_0\" class=\"wpforms-field-sublabel after\">First<\/label><\/div><div class=\"wpforms-field-row-block wpforms-one-half\"><input type=\"text\" id=\"wpforms-295-field_0-last\" class=\"wpforms-field-name-last wpforms-field-required\" name=\"wpforms[fields][0][last]\" aria-errormessage=\"wpforms-295-field_0-last-error\" required><label for=\"wpforms-295-field_0-last\" class=\"wpforms-field-sublabel after\">Last<\/label><\/div><\/div><\/fieldset><\/div><div id=\"wpforms-295-field_1-container\" class=\"wpforms-field wpforms-field-email\" data-field-id=\"1\"><label class=\"wpforms-field-label\" for=\"wpforms-295-field_1\">E-mail <span class=\"wpforms-required-label\" aria-hidden=\"true\">*<\/span><\/label><input type=\"email\" id=\"wpforms-295-field_1\" class=\"wpforms-field-medium wpforms-field-required\" name=\"wpforms[fields][1]\" spellcheck=\"false\" aria-errormessage=\"wpforms-295-field_1-error\" required><\/div><div id=\"wpforms-295-field_3-container\" class=\"wpforms-field wpforms-field-checkbox\" data-field-id=\"3\"><fieldset><legend class=\"wpforms-field-label\">Que souhaitez-vous cr\u00e9er sur-mesure ? <span class=\"wpforms-required-label\" aria-hidden=\"true\">*<\/span><\/legend><ul id=\"wpforms-295-field_3\" class=\"wpforms-field-required\"><li class=\"choice-1 depth-1\"><input type=\"checkbox\" id=\"wpforms-295-field_3_1\" name=\"wpforms[fields][3][]\" value=\"Nouvelle taille de coussin\" aria-errormessage=\"wpforms-295-field_3_1-error\" required ><label class=\"wpforms-field-label-inline\" for=\"wpforms-295-field_3_1\">Nouvelle taille de coussin<\/label><\/li><li class=\"choice-3 depth-1\"><input type=\"checkbox\" id=\"wpforms-295-field_3_3\" name=\"wpforms[fields][3][]\" value=\"Nouvelle taille de rideaux\" aria-errormessage=\"wpforms-295-field_3_3-error\" required ><label class=\"wpforms-field-label-inline\" for=\"wpforms-295-field_3_3\">Nouvelle taille de rideaux<\/label><\/li><li class=\"choice-4 depth-1\"><input type=\"checkbox\" id=\"wpforms-295-field_3_4\" name=\"wpforms[fields][3][]\" value=\"Nouvelle taille de couvre-lit \/ couvre-canap\u00e9\" aria-errormessage=\"wpforms-295-field_3_4-error\" required ><label class=\"wpforms-field-label-inline\" for=\"wpforms-295-field_3_4\">Nouvelle taille de couvre-lit \/ couvre-canap\u00e9<\/label><\/li><li class=\"choice-2 depth-1\"><input type=\"checkbox\" id=\"wpforms-295-field_3_2\" name=\"wpforms[fields][3][]\" value=\"Nouveau choix de couleurs de coussin\" aria-errormessage=\"wpforms-295-field_3_2-error\" required ><label class=\"wpforms-field-label-inline\" for=\"wpforms-295-field_3_2\">Nouveau choix de couleurs de coussin<\/label><\/li><\/ul><\/fieldset><\/div><div id=\"wpforms-295-field_2-container\" class=\"wpforms-field wpforms-field-textarea\" data-field-id=\"2\"><label class=\"wpforms-field-label\" for=\"wpforms-295-field_2\">Votre demande <span class=\"wpforms-required-label\" aria-hidden=\"true\">*<\/span><\/label><textarea id=\"wpforms-295-field_2\" class=\"wpforms-field-medium wpforms-field-required\" name=\"wpforms[fields][2]\" aria-errormessage=\"wpforms-295-field_2-error\" aria-describedby=\"wpforms-295-field_2-description\" required><\/textarea><div id=\"wpforms-295-field_2-description\" class=\"wpforms-field-description\">Veuillez pr\u00e9ciser s'il s'agit d'une demande pour une soci\u00e9t\u00e9 <\/div><\/div><\/div><!-- .wpforms-field-container --><div class=\"wpforms-submit-container\" ><input type=\"hidden\" name=\"wpforms[id]\" value=\"295\"><input type=\"hidden\" name=\"page_title\" value=\"\"><input type=\"hidden\" name=\"page_url\" value=\"https:\/\/lemanoirdeco.com\/index.php\/wp-json\/wp\/v2\/pages\/292\"><input type=\"hidden\" name=\"url_referer\" value=\"\"><button type=\"submit\" name=\"wpforms[submit]\" id=\"wpforms-submit-295\" class=\"wpforms-submit\" data-alt-text=\"Envoi...\" data-submit-text=\"Envoyer\" aria-live=\"assertive\" value=\"wpforms-submit\">Envoyer<\/button><img data-opt-id=960217740  decoding=\"async\" src=\"https:\/\/mlnz6ajpdpgw.i.optimole.com\/cb:nZaz.3ac7\/w:auto\/h:auto\/q:90\/ig:avif\/https:\/\/lemanoirdeco.com\/wp-content\/plugins\/wpforms-lite\/assets\/images\/submit-spin.svg\" class=\"wpforms-submit-spinner\" style=\"display: none;\" width=\"26\" height=\"26\" alt=\"Loading\"><\/div><\/form><\/div>  <!-- .wpforms-container -->\t\t<\/div>\n\t\t\t\t<\/div>\n\t\t\t\t<\/div>\n\t\t\t\t<\/div>\n\t\t","protected":false},"excerpt":{"rendered":"<p>Remplissez notre formulaire ci-dessous pour vos demandes personnalis\u00e9es. Apr\u00e8s analyse de votre requ\u00eate, nous pourrons vous \u00e9tablir un devis pour la fabrication de vos coussins, rideaux ou couvres-lits sur-mesure. Attention, les d\u00e9lais de fabrication et de livraison seront plus longs. D\u00e8s validation du devis, comptez 3 semaines de d\u00e9lais suppl\u00e9mentaires. Demande de fabrication sur-mesureVeuillez activer [&hellip;]<\/p>\n","protected":false},"author":1,"featured_media":0,"parent":0,"menu_order":0,"comment_status":"closed","ping_status":"closed","template":"","meta":{"ocean_post_layout":"","ocean_both_sidebars_style":"","ocean_both_sidebars_content_width":0,"ocean_both_sidebars_sidebars_width":0,"ocean_sidebar":"","ocean_second_sidebar":"","ocean_disable_margins":"enable","ocean_add_body_class":"","ocean_shortcode_before_top_bar":"","ocean_shortcode_after_top_bar":"","ocean_shortcode_before_header":"","ocean_shortcode_after_header":"","ocean_has_shortcode":"","ocean_shortcode_after_title":"","ocean_shortcode_before_footer_widgets":"","ocean_shortcode_after_footer_widgets":"","ocean_shortcode_before_footer_bottom":"","ocean_shortcode_after_footer_bottom":"","ocean_display_top_bar":"default","ocean_display_header":"default","ocean_header_style":"","ocean_center_header_left_menu":"","ocean_custom_header_template":"","ocean_custom_logo":0,"ocean_custom_retina_logo":0,"ocean_custom_logo_max_width":0,"ocean_custom_logo_tablet_max_width":0,"ocean_custom_logo_mobile_max_width":0,"ocean_custom_logo_max_height":0,"ocean_custom_logo_tablet_max_height":0,"ocean_custom_logo_mobile_max_height":0,"ocean_header_custom_menu":"","ocean_menu_typo_font_family":"","ocean_menu_typo_font_subset":"","ocean_menu_typo_font_size":0,"ocean_menu_typo_font_size_tablet":0,"ocean_menu_typo_font_size_mobile":0,"ocean_menu_typo_font_size_unit":"px","ocean_menu_typo_font_weight":"","ocean_menu_typo_font_weight_tablet":"","ocean_menu_typo_font_weight_mobile":"","ocean_menu_typo_transform":"","ocean_menu_typo_transform_tablet":"","ocean_menu_typo_transform_mobile":"","ocean_menu_typo_line_height":0,"ocean_menu_typo_line_height_tablet":0,"ocean_menu_typo_line_height_mobile":0,"ocean_menu_typo_line_height_unit":"","ocean_menu_typo_spacing":0,"ocean_menu_typo_spacing_tablet":0,"ocean_menu_typo_spacing_mobile":0,"ocean_menu_typo_spacing_unit":"","ocean_menu_link_color":"","ocean_menu_link_color_hover":"","ocean_menu_link_color_active":"","ocean_menu_link_background":"","ocean_menu_link_hover_background":"","ocean_menu_link_active_background":"","ocean_menu_social_links_bg":"","ocean_menu_social_hover_links_bg":"","ocean_menu_social_links_color":"","ocean_menu_social_hover_links_color":"","ocean_disable_title":"default","ocean_disable_heading":"default","ocean_post_title":"","ocean_post_subheading":"","ocean_post_title_style":"","ocean_post_title_background_color":"","ocean_post_title_background":0,"ocean_post_title_bg_image_position":"","ocean_post_title_bg_image_attachment":"","ocean_post_title_bg_image_repeat":"","ocean_post_title_bg_image_size":"","ocean_post_title_height":0,"ocean_post_title_bg_overlay":0.5,"ocean_post_title_bg_overlay_color":"","ocean_disable_breadcrumbs":"default","ocean_breadcrumbs_color":"","ocean_breadcrumbs_separator_color":"","ocean_breadcrumbs_links_color":"","ocean_breadcrumbs_links_hover_color":"","ocean_display_footer_widgets":"default","ocean_display_footer_bottom":"default","ocean_custom_footer_template":"","omw_enable_modal_window":"enable","footnotes":""},"class_list":["post-292","page","type-page","status-publish","hentry","entry","owp-thumbs-layout-horizontal","owp-btn-normal","owp-tabs-layout-horizontal","has-no-thumbnails","has-product-nav"],"yoast_head":"<!-- This site is optimized with the Yoast SEO plugin v27.2 - https:\/\/yoast.com\/product\/yoast-seo-wordpress\/ -->\n<title>Nos sur-mesure - Le Manoir D\u00e9coration<\/title>\n<meta name=\"description\" content=\"Retrouvez ici le formulaire de contact pour vos demandes de coussins sur-mesure. \u00c0 partir de 5 exemplaires minimum.\" \/>\n<meta name=\"robots\" content=\"index, follow, max-snippet:-1, max-image-preview:large, max-video-preview:-1\" \/>\n<link rel=\"canonical\" href=\"https:\/\/lemanoirdeco.com\/index.php\/nos-sur-mesure\/\" \/>\n<meta property=\"og:locale\" content=\"en_US\" \/>\n<meta property=\"og:type\" content=\"article\" \/>\n<meta property=\"og:title\" content=\"Nos sur-mesure - Le Manoir D\u00e9coration\" \/>\n<meta property=\"og:description\" content=\"Retrouvez ici le formulaire de contact pour vos demandes de coussins sur-mesure. \u00c0 partir de 5 exemplaires minimum.\" \/>\n<meta property=\"og:url\" content=\"https:\/\/lemanoirdeco.com\/index.php\/nos-sur-mesure\/\" \/>\n<meta property=\"og:site_name\" content=\"Le Manoir D\u00e9coration\" \/>\n<meta property=\"article:modified_time\" content=\"2024-10-28T11:24:58+00:00\" \/>\n<meta property=\"og:image\" content=\"https:\/\/mlnz6ajpdpgw.i.optimole.com\/cb:nZaz.3ac7\/w:810\/h:1080\/q:90\/ig:avif\/https:\/\/lemanoirdeco.com\/wp-content\/uploads\/2024\/05\/IMG_8520-2.jpeg\" \/>\n<meta name=\"twitter:card\" content=\"summary_large_image\" \/>\n<meta name=\"twitter:label1\" content=\"Est. reading time\" \/>\n\t<meta name=\"twitter:data1\" content=\"3 minutes\" \/>\n<script type=\"application\/ld+json\" class=\"yoast-schema-graph\">{\"@context\":\"https:\/\/schema.org\",\"@graph\":[{\"@type\":\"WebPage\",\"@id\":\"https:\/\/lemanoirdeco.com\/index.php\/nos-sur-mesure\/\",\"url\":\"https:\/\/lemanoirdeco.com\/index.php\/nos-sur-mesure\/\",\"name\":\"Nos sur-mesure - Le Manoir D\u00e9coration\",\"isPartOf\":{\"@id\":\"https:\/\/lemanoirdeco.com\/#website\"},\"primaryImageOfPage\":{\"@id\":\"https:\/\/lemanoirdeco.com\/index.php\/nos-sur-mesure\/#primaryimage\"},\"image\":{\"@id\":\"https:\/\/lemanoirdeco.com\/index.php\/nos-sur-mesure\/#primaryimage\"},\"thumbnailUrl\":\"https:\/\/mlnz6ajpdpgw.i.optimole.com\/cb:nZaz.3ac7\/w:810\/h:1080\/q:90\/ig:avif\/https:\/\/lemanoirdeco.com\/wp-content\/uploads\/2024\/05\/IMG_8520-2.jpeg\",\"datePublished\":\"2023-11-08T09:15:27+00:00\",\"dateModified\":\"2024-10-28T11:24:58+00:00\",\"description\":\"Retrouvez ici le formulaire de contact pour vos demandes de coussins sur-mesure. \u00c0 partir de 5 exemplaires minimum.\",\"breadcrumb\":{\"@id\":\"https:\/\/lemanoirdeco.com\/index.php\/nos-sur-mesure\/#breadcrumb\"},\"inLanguage\":\"en-US\",\"potentialAction\":[{\"@type\":\"ReadAction\",\"target\":[\"https:\/\/lemanoirdeco.com\/index.php\/nos-sur-mesure\/\"]}]},{\"@type\":\"ImageObject\",\"inLanguage\":\"en-US\",\"@id\":\"https:\/\/lemanoirdeco.com\/index.php\/nos-sur-mesure\/#primaryimage\",\"url\":\"https:\/\/mlnz6ajpdpgw.i.optimole.com\/cb:nZaz.3ac7\/w:810\/h:1080\/q:90\/ig:avif\/https:\/\/lemanoirdeco.com\/wp-content\/uploads\/2024\/05\/IMG_8520-2.jpeg\",\"contentUrl\":\"https:\/\/mlnz6ajpdpgw.i.optimole.com\/cb:nZaz.3ac7\/w:810\/h:1080\/q:90\/ig:avif\/https:\/\/lemanoirdeco.com\/wp-content\/uploads\/2024\/05\/IMG_8520-2.jpeg\"},{\"@type\":\"BreadcrumbList\",\"@id\":\"https:\/\/lemanoirdeco.com\/index.php\/nos-sur-mesure\/#breadcrumb\",\"itemListElement\":[{\"@type\":\"ListItem\",\"position\":1,\"name\":\"Accueil\",\"item\":\"https:\/\/lemanoirdeco.com\/\"},{\"@type\":\"ListItem\",\"position\":2,\"name\":\"Nos sur-mesure\"}]},{\"@type\":\"WebSite\",\"@id\":\"https:\/\/lemanoirdeco.com\/#website\",\"url\":\"https:\/\/lemanoirdeco.com\/\",\"name\":\"Le Manoir D\u00e9coration\",\"description\":\"Fabrication artisanale fran\u00e7aise d&#039;objets de d\u00e9co \",\"publisher\":{\"@id\":\"https:\/\/lemanoirdeco.com\/#organization\"},\"potentialAction\":[{\"@type\":\"SearchAction\",\"target\":{\"@type\":\"EntryPoint\",\"urlTemplate\":\"https:\/\/lemanoirdeco.com\/?s={search_term_string}\"},\"query-input\":{\"@type\":\"PropertyValueSpecification\",\"valueRequired\":true,\"valueName\":\"search_term_string\"}}],\"inLanguage\":\"en-US\"},{\"@type\":\"Organization\",\"@id\":\"https:\/\/lemanoirdeco.com\/#organization\",\"name\":\"Le Manoir D\u00e9coration\",\"alternateName\":\"Le Manoir D\u00e9co\",\"url\":\"https:\/\/lemanoirdeco.com\/\",\"logo\":{\"@type\":\"ImageObject\",\"inLanguage\":\"en-US\",\"@id\":\"https:\/\/lemanoirdeco.com\/#\/schema\/logo\/image\/\",\"url\":\"https:\/\/mlnz6ajpdpgw.i.optimole.com\/cb:nZaz.3ac7\/w:auto\/h:auto\/q:90\/ig:avif\/https:\/\/lemanoirdeco.com\/wp-content\/uploads\/2023\/10\/cropped-LOGO-LE-MANOIR-HR.png\",\"contentUrl\":\"https:\/\/mlnz6ajpdpgw.i.optimole.com\/cb:nZaz.3ac7\/w:auto\/h:auto\/q:90\/ig:avif\/https:\/\/lemanoirdeco.com\/wp-content\/uploads\/2023\/10\/cropped-LOGO-LE-MANOIR-HR.png\",\"width\":1429,\"height\":869,\"caption\":\"Le Manoir D\u00e9coration\"},\"image\":{\"@id\":\"https:\/\/lemanoirdeco.com\/#\/schema\/logo\/image\/\"},\"sameAs\":[\"https:\/\/www.instagram.com\/lemanoirdeco\/\"]}]}<\/script>\n<!-- \/ Yoast SEO plugin. -->","yoast_head_json":{"title":"Nos sur-mesure - Le Manoir D\u00e9coration","description":"Retrouvez ici le formulaire de contact pour vos demandes de coussins sur-mesure. \u00c0 partir de 5 exemplaires minimum.","robots":{"index":"index","follow":"follow","max-snippet":"max-snippet:-1","max-image-preview":"max-image-preview:large","max-video-preview":"max-video-preview:-1"},"canonical":"https:\/\/lemanoirdeco.com\/index.php\/nos-sur-mesure\/","og_locale":"en_US","og_type":"article","og_title":"Nos sur-mesure - Le Manoir D\u00e9coration","og_description":"Retrouvez ici le formulaire de contact pour vos demandes de coussins sur-mesure. \u00c0 partir de 5 exemplaires minimum.","og_url":"https:\/\/lemanoirdeco.com\/index.php\/nos-sur-mesure\/","og_site_name":"Le Manoir D\u00e9coration","article_modified_time":"2024-10-28T11:24:58+00:00","og_image":[{"url":"https:\/\/mlnz6ajpdpgw.i.optimole.com\/cb:nZaz.3ac7\/w:810\/h:1080\/q:90\/ig:avif\/https:\/\/lemanoirdeco.com\/wp-content\/uploads\/2024\/05\/IMG_8520-2.jpeg","type":"","width":"","height":""}],"twitter_card":"summary_large_image","twitter_misc":{"Est. reading time":"3 minutes"},"schema":{"@context":"https:\/\/schema.org","@graph":[{"@type":"WebPage","@id":"https:\/\/lemanoirdeco.com\/index.php\/nos-sur-mesure\/","url":"https:\/\/lemanoirdeco.com\/index.php\/nos-sur-mesure\/","name":"Nos sur-mesure - Le Manoir D\u00e9coration","isPartOf":{"@id":"https:\/\/lemanoirdeco.com\/#website"},"primaryImageOfPage":{"@id":"https:\/\/lemanoirdeco.com\/index.php\/nos-sur-mesure\/#primaryimage"},"image":{"@id":"https:\/\/lemanoirdeco.com\/index.php\/nos-sur-mesure\/#primaryimage"},"thumbnailUrl":"https:\/\/mlnz6ajpdpgw.i.optimole.com\/cb:nZaz.3ac7\/w:810\/h:1080\/q:90\/ig:avif\/https:\/\/lemanoirdeco.com\/wp-content\/uploads\/2024\/05\/IMG_8520-2.jpeg","datePublished":"2023-11-08T09:15:27+00:00","dateModified":"2024-10-28T11:24:58+00:00","description":"Retrouvez ici le formulaire de contact pour vos demandes de coussins sur-mesure. \u00c0 partir de 5 exemplaires minimum.","breadcrumb":{"@id":"https:\/\/lemanoirdeco.com\/index.php\/nos-sur-mesure\/#breadcrumb"},"inLanguage":"en-US","potentialAction":[{"@type":"ReadAction","target":["https:\/\/lemanoirdeco.com\/index.php\/nos-sur-mesure\/"]}]},{"@type":"ImageObject","inLanguage":"en-US","@id":"https:\/\/lemanoirdeco.com\/index.php\/nos-sur-mesure\/#primaryimage","url":"https:\/\/mlnz6ajpdpgw.i.optimole.com\/cb:nZaz.3ac7\/w:810\/h:1080\/q:90\/ig:avif\/https:\/\/lemanoirdeco.com\/wp-content\/uploads\/2024\/05\/IMG_8520-2.jpeg","contentUrl":"https:\/\/mlnz6ajpdpgw.i.optimole.com\/cb:nZaz.3ac7\/w:810\/h:1080\/q:90\/ig:avif\/https:\/\/lemanoirdeco.com\/wp-content\/uploads\/2024\/05\/IMG_8520-2.jpeg"},{"@type":"BreadcrumbList","@id":"https:\/\/lemanoirdeco.com\/index.php\/nos-sur-mesure\/#breadcrumb","itemListElement":[{"@type":"ListItem","position":1,"name":"Accueil","item":"https:\/\/lemanoirdeco.com\/"},{"@type":"ListItem","position":2,"name":"Nos sur-mesure"}]},{"@type":"WebSite","@id":"https:\/\/lemanoirdeco.com\/#website","url":"https:\/\/lemanoirdeco.com\/","name":"Le Manoir D\u00e9coration","description":"Fabrication artisanale fran\u00e7aise d&#039;objets de d\u00e9co ","publisher":{"@id":"https:\/\/lemanoirdeco.com\/#organization"},"potentialAction":[{"@type":"SearchAction","target":{"@type":"EntryPoint","urlTemplate":"https:\/\/lemanoirdeco.com\/?s={search_term_string}"},"query-input":{"@type":"PropertyValueSpecification","valueRequired":true,"valueName":"search_term_string"}}],"inLanguage":"en-US"},{"@type":"Organization","@id":"https:\/\/lemanoirdeco.com\/#organization","name":"Le Manoir D\u00e9coration","alternateName":"Le Manoir D\u00e9co","url":"https:\/\/lemanoirdeco.com\/","logo":{"@type":"ImageObject","inLanguage":"en-US","@id":"https:\/\/lemanoirdeco.com\/#\/schema\/logo\/image\/","url":"https:\/\/mlnz6ajpdpgw.i.optimole.com\/cb:nZaz.3ac7\/w:auto\/h:auto\/q:90\/ig:avif\/https:\/\/lemanoirdeco.com\/wp-content\/uploads\/2023\/10\/cropped-LOGO-LE-MANOIR-HR.png","contentUrl":"https:\/\/mlnz6ajpdpgw.i.optimole.com\/cb:nZaz.3ac7\/w:auto\/h:auto\/q:90\/ig:avif\/https:\/\/lemanoirdeco.com\/wp-content\/uploads\/2023\/10\/cropped-LOGO-LE-MANOIR-HR.png","width":1429,"height":869,"caption":"Le Manoir D\u00e9coration"},"image":{"@id":"https:\/\/lemanoirdeco.com\/#\/schema\/logo\/image\/"},"sameAs":["https:\/\/www.instagram.com\/lemanoirdeco\/"]}]}},"_links":{"self":[{"href":"https:\/\/lemanoirdeco.com\/index.php\/wp-json\/wp\/v2\/pages\/292","targetHints":{"allow":["GET"]}}],"collection":[{"href":"https:\/\/lemanoirdeco.com\/index.php\/wp-json\/wp\/v2\/pages"}],"about":[{"href":"https:\/\/lemanoirdeco.com\/index.php\/wp-json\/wp\/v2\/types\/page"}],"author":[{"embeddable":true,"href":"https:\/\/lemanoirdeco.com\/index.php\/wp-json\/wp\/v2\/users\/1"}],"replies":[{"embeddable":true,"href":"https:\/\/lemanoirdeco.com\/index.php\/wp-json\/wp\/v2\/comments?post=292"}],"version-history":[{"count":50,"href":"https:\/\/lemanoirdeco.com\/index.php\/wp-json\/wp\/v2\/pages\/292\/revisions"}],"predecessor-version":[{"id":1677,"href":"https:\/\/lemanoirdeco.com\/index.php\/wp-json\/wp\/v2\/pages\/292\/revisions\/1677"}],"wp:attachment":[{"href":"https:\/\/lemanoirdeco.com\/index.php\/wp-json\/wp\/v2\/media?parent=292"}],"curies":[{"name":"wp","href":"https:\/\/api.w.org\/{rel}","templated":true}]}}