{"id":1041,"date":"2024-03-04T17:33:10","date_gmt":"2024-03-04T16:33:10","guid":{"rendered":"https:\/\/lemanoirdeco.com\/?post_type=product&#038;p=1041"},"modified":"2025-01-29T11:51:23","modified_gmt":"2025-01-29T10:51:23","slug":"housse-de-coussin-catherine","status":"publish","type":"product","link":"https:\/\/lemanoirdeco.com\/index.php\/product\/housse-de-coussin-catherine\/","title":{"rendered":"Housse de coussin Catherine &#8211; 4 tailles"},"content":{"rendered":"<p><span style=\"font-weight: 400;\">Notre housse de coussin brod\u00e9e Catherine, gr\u00e2ce \u00e0 ses <b>beaux tons bleus<\/b>, peut rappeler\u00a0<b>l\u2019oc\u00e9an<\/b>\u00a0ou la\u00a0<b>mer M\u00e9diterran\u00e9e<\/b>. Elle sera parfaite sur <b>un canap\u00e9 ou sur votre lit<\/b>, pour vous rappeler les\u00a0<b>vacances<\/b>, et ce, en toute saison.<\/span><\/p>\n<h2 style=\"margin-top: 40px; margin-bottom: 30px;\">Caract\u00e9ristiques de notre housse de coussin Catherine :<\/h2>\n<p>Cette housse est<strong> disponible en 4 tailles.<\/strong><\/p>\n<p>Chacune peut \u00eatre mise en duo sur un lit, ou bien solo sur un fauteuil ou un canap\u00e9.<\/p>\n<p>Nous proposons l&#8217;int\u00e9rieur de coussin dans la taille que vous le souhaiter en suppl\u00e9ment.<\/p>\n<ul>\n<li>30x40cm &#8211;<span style=\"font-weight: 400;\"> Id\u00e9ale \u00e0 <\/span>offrir en cadeau<span style=\"font-weight: 400;\">.\u00a0<\/span><\/li>\n<li>40x60cm &#8211; Son grand-fr\u00e8re.<\/li>\n<li>50x70cm &#8211; Correspond \u00e0 la taille d&#8217;un oreiller rectangulaire.<\/li>\n<li>80x80cm &#8211; Notre mod\u00e8le XXL, \u00e0 utiliser en maxi coussin ou \u00e0 poser au sol.<\/li>\n<\/ul>\n<p style=\"margin-top: 25px; margin-bottom: 25px;\">Vous pouvez <strong>inter-changer les housses<\/strong> en fonction des saisons par exemple, afin de varier les couleurs et ambiances dans votre int\u00e9rieur !<\/p>\n<p>Le tissu utilis\u00e9 pour notre housse de coussin est en coton et lin.<\/p>\n<p><span style=\"font-weight: 400;\">Nous fabriquons nos jolis coussins <\/span><b>artisanalement<\/b><span style=\"font-weight: 400;\">. Nous <\/span><b>brodons<\/b><span style=\"font-weight: 400;\"> tous nos produits <\/span><b>\u00e0 la main<\/b><span style=\"font-weight: 400;\">, \u00e0 c\u00f4t\u00e9 de Lyon, et notre couturi\u00e8re les assemble tout pr\u00e8s de chez nous.<\/span><\/p>\n<p><span style=\"font-weight: 400;\">La fabrication et les mati\u00e8res premi\u00e8res sont <\/span><b>100% fran\u00e7aises<\/b><span style=\"font-weight: 400;\">.\u00a0<\/span><\/p>\n<p><span style=\"font-weight: 400;\">Point de vigilance ! L<\/span><span style=\"font-weight: 400;\">a broderie \u00e9tant faite \u00e0 la main, il est donc normal que chaque produit se distingue tr\u00e8s l\u00e9g\u00e8rement. Les <\/span>couleurs sont bien-s\u00fbr toujours les m\u00eames.<\/p>\n<h2 style=\"margin-top: 40px; margin-bottom: 30px;\"><span style=\"font-weight: 400;\">Nos <\/span><b>conseils d&#8217;entretien<\/b><span style=\"font-weight: 400;\"> pour vos housses de coussins :\u00a0<\/span><\/h2>\n<ul>\n<li style=\"font-weight: 400;\" aria-level=\"1\"><span style=\"font-weight: 400;\">Bien qu&#8217;en coton et lin, la housse brod\u00e9e Catherine aimera se faire dorloter<\/span><b> \u00e0 sec au pressing<\/b><span style=\"font-weight: 400;\">!<\/span><\/li>\n<li style=\"font-weight: 400;\" aria-level=\"1\"><span style=\"font-weight: 400;\">Vous pouvez toutefois la <\/span><b>laver en machine, programme d\u00e9licat \u00e0 30 degr\u00e9s dans un filet<\/b><span style=\"font-weight: 400;\">, et la faire s\u00e9cher \u00e0 l\u2019air libre. Il est judicieux d&#8217;<\/span><b>\u00e9viter le passage au s\u00e8che-linge<\/b><span style=\"font-weight: 400;\"> ! La fibre du tissu risquerait de s&#8217;ab\u00eemer.<\/span><\/li>\n<\/ul>\n<p style=\"margin-top: 30px;\"><span style=\"font-weight: 400;\">En commandant une de nos housses de coussins, vous faites marcher <\/span><b>l&#8217;\u00e9conomie locale<\/b><span style=\"font-weight: 400;\"> et vous aidez \u00e0 <\/span><b>relancer l&#8217;artisanat fran\u00e7ais<\/b><span style=\"font-weight: 400;\">, nous vous en remercions !<\/span><\/p>\n<p style=\"margin-top: 30px;\">Pssst : vous vous demandez pourquoi le mod\u00e8le s\u2019appelle Catherine ? Tout simplement car c\u2019est le nom de la maman de Jos\u00e9phine, la cr\u00e9atrice, qui l\u2019aide dans toute la fabrication et le choix des mat\u00e9riaux notamment\u00a0!<\/p>\n","protected":false},"excerpt":{"rendered":"<ul style=\"list-style: disc !important;\">\n<li>Coton et Lin<\/li>\n<li>Housse fabriqu\u00e9e artisanalement et brod\u00e9e \u00e0 la main \u00e0 c\u00f4t\u00e9 de Lyon<\/li>\n<li>Disponible en 4 tailles &#8211; 30x40cm, 40x60cm, 50x70cm, 80x80cm<\/li>\n<li>Garnissage disponible en suppl\u00e9ment<\/li>\n<li><strong>Important<\/strong> : nous produisons des petites s\u00e9ries. Si le produit n&#8217;est pas en stock, d\u00e9lai de fabrication de 3 semaines<\/li>\n<\/ul>\n","protected":false},"featured_media":1403,"comment_status":"open","ping_status":"closed","template":"","meta":{"ocean_post_layout":"","ocean_both_sidebars_style":"","ocean_both_sidebars_content_width":0,"ocean_both_sidebars_sidebars_width":0,"ocean_sidebar":"0","ocean_second_sidebar":"0","ocean_disable_margins":"enable","ocean_add_body_class":"","ocean_shortcode_before_top_bar":"","ocean_shortcode_after_top_bar":"","ocean_shortcode_before_header":"","ocean_shortcode_after_header":"","ocean_has_shortcode":"","ocean_shortcode_after_title":"","ocean_shortcode_before_footer_widgets":"","ocean_shortcode_after_footer_widgets":"","ocean_shortcode_before_footer_bottom":"","ocean_shortcode_after_footer_bottom":"","ocean_display_top_bar":"default","ocean_display_header":"default","ocean_header_style":"","ocean_center_header_left_menu":"0","ocean_custom_header_template":"0","ocean_custom_logo":0,"ocean_custom_retina_logo":0,"ocean_custom_logo_max_width":0,"ocean_custom_logo_tablet_max_width":0,"ocean_custom_logo_mobile_max_width":0,"ocean_custom_logo_max_height":0,"ocean_custom_logo_tablet_max_height":0,"ocean_custom_logo_mobile_max_height":0,"ocean_header_custom_menu":"0","ocean_menu_typo_font_family":"0","ocean_menu_typo_font_subset":"","ocean_menu_typo_font_size":0,"ocean_menu_typo_font_size_tablet":0,"ocean_menu_typo_font_size_mobile":0,"ocean_menu_typo_font_size_unit":"px","ocean_menu_typo_font_weight":"","ocean_menu_typo_font_weight_tablet":"","ocean_menu_typo_font_weight_mobile":"","ocean_menu_typo_transform":"","ocean_menu_typo_transform_tablet":"","ocean_menu_typo_transform_mobile":"","ocean_menu_typo_line_height":0,"ocean_menu_typo_line_height_tablet":0,"ocean_menu_typo_line_height_mobile":0,"ocean_menu_typo_line_height_unit":"","ocean_menu_typo_spacing":0,"ocean_menu_typo_spacing_tablet":0,"ocean_menu_typo_spacing_mobile":0,"ocean_menu_typo_spacing_unit":"","ocean_menu_link_color":"","ocean_menu_link_color_hover":"","ocean_menu_link_color_active":"","ocean_menu_link_background":"","ocean_menu_link_hover_background":"","ocean_menu_link_active_background":"","ocean_menu_social_links_bg":"","ocean_menu_social_hover_links_bg":"","ocean_menu_social_links_color":"","ocean_menu_social_hover_links_color":"","ocean_disable_title":"default","ocean_disable_heading":"default","ocean_post_title":"","ocean_post_subheading":"","ocean_post_title_style":"","ocean_post_title_background_color":"","ocean_post_title_background":0,"ocean_post_title_bg_image_position":"","ocean_post_title_bg_image_attachment":"","ocean_post_title_bg_image_repeat":"","ocean_post_title_bg_image_size":"","ocean_post_title_height":0,"ocean_post_title_bg_overlay":0.5,"ocean_post_title_bg_overlay_color":"","ocean_disable_breadcrumbs":"default","ocean_breadcrumbs_color":"","ocean_breadcrumbs_separator_color":"","ocean_breadcrumbs_links_color":"","ocean_breadcrumbs_links_hover_color":"","ocean_display_footer_widgets":"default","ocean_display_footer_bottom":"default","ocean_custom_footer_template":"0","omw_enable_modal_window":"enable"},"product_brand":[],"product_cat":[25,26,64],"product_tag":[47,42,43,44,55],"class_list":{"0":"post-1041","1":"product","2":"type-product","3":"status-publish","4":"has-post-thumbnail","6":"product_cat-nos-coussins","7":"product_cat-nos-housses-brodees","8":"product_cat-nos-housses-brodees-beiges","9":"product_tag-housse-de-coussin-brodee-catherine","10":"product_tag-housse-de-coussin-brodee-30x40cm","11":"product_tag-housse-de-coussin-brodee-40x60cm","12":"product_tag-housse-de-coussin-brodee-50x70cm","13":"product_tag-housse-de-coussin-brodee-80x80cm","15":"entry","16":"has-media","18":"first","19":"instock","20":"featured","21":"taxable","22":"shipping-taxable","23":"purchasable","24":"product-type-variable","25":"has-product-nav","26":"col","27":"span_1_of_4","28":"owp-content-center","29":"owp-thumbs-layout-horizontal","30":"owp-btn-normal","31":"owp-tabs-layout-horizontal"},"yoast_head":"<!-- This site is optimized with the Yoast SEO plugin v27.2 - https:\/\/yoast.com\/product\/yoast-seo-wordpress\/ -->\n<title>Housse de coussin Catherine - 4 tailles - Le Manoir D\u00e9coration<\/title>\n<meta name=\"description\" content=\"Retrouvez ici notre housse de coussin brod\u00e9e Catherine. Disponibles en 4 tailles, ses couleurs rappellent l&#039;oc\u00e9an et les vacances.\" \/>\n<meta name=\"robots\" content=\"index, follow, max-snippet:-1, max-image-preview:large, max-video-preview:-1\" \/>\n<link rel=\"canonical\" href=\"https:\/\/lemanoirdeco.com\/index.php\/product\/housse-de-coussin-catherine\/\" \/>\n<meta property=\"og:locale\" content=\"en_US\" \/>\n<meta property=\"og:type\" content=\"article\" \/>\n<meta property=\"og:title\" content=\"Housse de coussin Catherine - 4 tailles - Le Manoir D\u00e9coration\" \/>\n<meta property=\"og:description\" content=\"Retrouvez ici notre housse de coussin brod\u00e9e Catherine. Disponibles en 4 tailles, ses couleurs rappellent l&#039;oc\u00e9an et les vacances.\" \/>\n<meta property=\"og:url\" content=\"https:\/\/lemanoirdeco.com\/index.php\/product\/housse-de-coussin-catherine\/\" \/>\n<meta property=\"og:site_name\" content=\"Le Manoir D\u00e9coration\" \/>\n<meta property=\"article:modified_time\" content=\"2025-01-29T10:51:23+00:00\" \/>\n<meta property=\"og:image\" content=\"https:\/\/mlnz6ajpdpgw.i.optimole.com\/cb:nZaz.3ac7\/w:auto\/h:auto\/q:90\/ig:avif\/https:\/\/lemanoirdeco.com\/wp-content\/uploads\/2024\/03\/IMG_8801-scaled.jpeg\" \/>\n\t<meta property=\"og:image:width\" content=\"1920\" \/>\n\t<meta property=\"og:image:height\" content=\"2560\" \/>\n\t<meta property=\"og:image:type\" content=\"image\/jpeg\" \/>\n<meta name=\"twitter:card\" content=\"summary_large_image\" \/>\n<meta name=\"twitter:label1\" content=\"Est. reading time\" \/>\n\t<meta name=\"twitter:data1\" content=\"2 minutes\" \/>\n<script type=\"application\/ld+json\" class=\"yoast-schema-graph\">{\"@context\":\"https:\/\/schema.org\",\"@graph\":[{\"@type\":\"WebPage\",\"@id\":\"https:\/\/lemanoirdeco.com\/index.php\/product\/housse-de-coussin-catherine\/\",\"url\":\"https:\/\/lemanoirdeco.com\/index.php\/product\/housse-de-coussin-catherine\/\",\"name\":\"Housse de coussin Catherine - 4 tailles - Le Manoir D\u00e9coration\",\"isPartOf\":{\"@id\":\"https:\/\/lemanoirdeco.com\/#website\"},\"primaryImageOfPage\":{\"@id\":\"https:\/\/lemanoirdeco.com\/index.php\/product\/housse-de-coussin-catherine\/#primaryimage\"},\"image\":{\"@id\":\"https:\/\/lemanoirdeco.com\/index.php\/product\/housse-de-coussin-catherine\/#primaryimage\"},\"thumbnailUrl\":\"https:\/\/mlnz6ajpdpgw.i.optimole.com\/cb:nZaz.3ac7\/w:auto\/h:auto\/q:90\/ig:avif\/https:\/\/lemanoirdeco.com\/wp-content\/uploads\/2024\/03\/IMG_8801-scaled.jpeg\",\"datePublished\":\"2024-03-04T16:33:10+00:00\",\"dateModified\":\"2025-01-29T10:51:23+00:00\",\"description\":\"Retrouvez ici notre housse de coussin brod\u00e9e Catherine. Disponibles en 4 tailles, ses couleurs rappellent l'oc\u00e9an et les vacances.\",\"breadcrumb\":{\"@id\":\"https:\/\/lemanoirdeco.com\/index.php\/product\/housse-de-coussin-catherine\/#breadcrumb\"},\"inLanguage\":\"en-US\",\"potentialAction\":[{\"@type\":\"ReadAction\",\"target\":[\"https:\/\/lemanoirdeco.com\/index.php\/product\/housse-de-coussin-catherine\/\"]}]},{\"@type\":\"ImageObject\",\"inLanguage\":\"en-US\",\"@id\":\"https:\/\/lemanoirdeco.com\/index.php\/product\/housse-de-coussin-catherine\/#primaryimage\",\"url\":\"https:\/\/mlnz6ajpdpgw.i.optimole.com\/cb:nZaz.3ac7\/w:auto\/h:auto\/q:90\/ig:avif\/https:\/\/lemanoirdeco.com\/wp-content\/uploads\/2024\/03\/IMG_8801-scaled.jpeg\",\"contentUrl\":\"https:\/\/mlnz6ajpdpgw.i.optimole.com\/cb:nZaz.3ac7\/w:auto\/h:auto\/q:90\/ig:avif\/https:\/\/lemanoirdeco.com\/wp-content\/uploads\/2024\/03\/IMG_8801-scaled.jpeg\",\"width\":1920,\"height\":2560},{\"@type\":\"BreadcrumbList\",\"@id\":\"https:\/\/lemanoirdeco.com\/index.php\/product\/housse-de-coussin-catherine\/#breadcrumb\",\"itemListElement\":[{\"@type\":\"ListItem\",\"position\":1,\"name\":\"Accueil\",\"item\":\"https:\/\/lemanoirdeco.com\/\"},{\"@type\":\"ListItem\",\"position\":2,\"name\":\"Boutique\",\"item\":\"https:\/\/lemanoirdeco.com\/index.php\/boutique\/\"},{\"@type\":\"ListItem\",\"position\":3,\"name\":\"Housse de coussin Catherine &#8211; 4 tailles\"}]},{\"@type\":\"WebSite\",\"@id\":\"https:\/\/lemanoirdeco.com\/#website\",\"url\":\"https:\/\/lemanoirdeco.com\/\",\"name\":\"Le Manoir D\u00e9coration\",\"description\":\"Fabrication artisanale fran\u00e7aise d&#039;objets de d\u00e9co \",\"publisher\":{\"@id\":\"https:\/\/lemanoirdeco.com\/#organization\"},\"potentialAction\":[{\"@type\":\"SearchAction\",\"target\":{\"@type\":\"EntryPoint\",\"urlTemplate\":\"https:\/\/lemanoirdeco.com\/?s={search_term_string}\"},\"query-input\":{\"@type\":\"PropertyValueSpecification\",\"valueRequired\":true,\"valueName\":\"search_term_string\"}}],\"inLanguage\":\"en-US\"},{\"@type\":\"Organization\",\"@id\":\"https:\/\/lemanoirdeco.com\/#organization\",\"name\":\"Le Manoir D\u00e9coration\",\"alternateName\":\"Le Manoir D\u00e9co\",\"url\":\"https:\/\/lemanoirdeco.com\/\",\"logo\":{\"@type\":\"ImageObject\",\"inLanguage\":\"en-US\",\"@id\":\"https:\/\/lemanoirdeco.com\/#\/schema\/logo\/image\/\",\"url\":\"https:\/\/mlnz6ajpdpgw.i.optimole.com\/cb:nZaz.3ac7\/w:auto\/h:auto\/q:90\/ig:avif\/https:\/\/lemanoirdeco.com\/wp-content\/uploads\/2023\/10\/cropped-LOGO-LE-MANOIR-HR.png\",\"contentUrl\":\"https:\/\/mlnz6ajpdpgw.i.optimole.com\/cb:nZaz.3ac7\/w:auto\/h:auto\/q:90\/ig:avif\/https:\/\/lemanoirdeco.com\/wp-content\/uploads\/2023\/10\/cropped-LOGO-LE-MANOIR-HR.png\",\"width\":1429,\"height\":869,\"caption\":\"Le Manoir D\u00e9coration\"},\"image\":{\"@id\":\"https:\/\/lemanoirdeco.com\/#\/schema\/logo\/image\/\"},\"sameAs\":[\"https:\/\/www.instagram.com\/lemanoirdeco\/\"]}]}<\/script>\n<!-- \/ Yoast SEO plugin. -->","yoast_head_json":{"title":"Housse de coussin Catherine - 4 tailles - Le Manoir D\u00e9coration","description":"Retrouvez ici notre housse de coussin brod\u00e9e Catherine. Disponibles en 4 tailles, ses couleurs rappellent l'oc\u00e9an et les vacances.","robots":{"index":"index","follow":"follow","max-snippet":"max-snippet:-1","max-image-preview":"max-image-preview:large","max-video-preview":"max-video-preview:-1"},"canonical":"https:\/\/lemanoirdeco.com\/index.php\/product\/housse-de-coussin-catherine\/","og_locale":"en_US","og_type":"article","og_title":"Housse de coussin Catherine - 4 tailles - Le Manoir D\u00e9coration","og_description":"Retrouvez ici notre housse de coussin brod\u00e9e Catherine. Disponibles en 4 tailles, ses couleurs rappellent l'oc\u00e9an et les vacances.","og_url":"https:\/\/lemanoirdeco.com\/index.php\/product\/housse-de-coussin-catherine\/","og_site_name":"Le Manoir D\u00e9coration","article_modified_time":"2025-01-29T10:51:23+00:00","og_image":[{"width":1920,"height":2560,"url":"https:\/\/mlnz6ajpdpgw.i.optimole.com\/cb:nZaz.3ac7\/w:auto\/h:auto\/q:90\/ig:avif\/https:\/\/lemanoirdeco.com\/wp-content\/uploads\/2024\/03\/IMG_8801-scaled.jpeg","type":"image\/jpeg"}],"twitter_card":"summary_large_image","twitter_misc":{"Est. reading time":"2 minutes"},"schema":{"@context":"https:\/\/schema.org","@graph":[{"@type":"WebPage","@id":"https:\/\/lemanoirdeco.com\/index.php\/product\/housse-de-coussin-catherine\/","url":"https:\/\/lemanoirdeco.com\/index.php\/product\/housse-de-coussin-catherine\/","name":"Housse de coussin Catherine - 4 tailles - Le Manoir D\u00e9coration","isPartOf":{"@id":"https:\/\/lemanoirdeco.com\/#website"},"primaryImageOfPage":{"@id":"https:\/\/lemanoirdeco.com\/index.php\/product\/housse-de-coussin-catherine\/#primaryimage"},"image":{"@id":"https:\/\/lemanoirdeco.com\/index.php\/product\/housse-de-coussin-catherine\/#primaryimage"},"thumbnailUrl":"https:\/\/mlnz6ajpdpgw.i.optimole.com\/cb:nZaz.3ac7\/w:auto\/h:auto\/q:90\/ig:avif\/https:\/\/lemanoirdeco.com\/wp-content\/uploads\/2024\/03\/IMG_8801-scaled.jpeg","datePublished":"2024-03-04T16:33:10+00:00","dateModified":"2025-01-29T10:51:23+00:00","description":"Retrouvez ici notre housse de coussin brod\u00e9e Catherine. Disponibles en 4 tailles, ses couleurs rappellent l'oc\u00e9an et les vacances.","breadcrumb":{"@id":"https:\/\/lemanoirdeco.com\/index.php\/product\/housse-de-coussin-catherine\/#breadcrumb"},"inLanguage":"en-US","potentialAction":[{"@type":"ReadAction","target":["https:\/\/lemanoirdeco.com\/index.php\/product\/housse-de-coussin-catherine\/"]}]},{"@type":"ImageObject","inLanguage":"en-US","@id":"https:\/\/lemanoirdeco.com\/index.php\/product\/housse-de-coussin-catherine\/#primaryimage","url":"https:\/\/mlnz6ajpdpgw.i.optimole.com\/cb:nZaz.3ac7\/w:auto\/h:auto\/q:90\/ig:avif\/https:\/\/lemanoirdeco.com\/wp-content\/uploads\/2024\/03\/IMG_8801-scaled.jpeg","contentUrl":"https:\/\/mlnz6ajpdpgw.i.optimole.com\/cb:nZaz.3ac7\/w:auto\/h:auto\/q:90\/ig:avif\/https:\/\/lemanoirdeco.com\/wp-content\/uploads\/2024\/03\/IMG_8801-scaled.jpeg","width":1920,"height":2560},{"@type":"BreadcrumbList","@id":"https:\/\/lemanoirdeco.com\/index.php\/product\/housse-de-coussin-catherine\/#breadcrumb","itemListElement":[{"@type":"ListItem","position":1,"name":"Accueil","item":"https:\/\/lemanoirdeco.com\/"},{"@type":"ListItem","position":2,"name":"Boutique","item":"https:\/\/lemanoirdeco.com\/index.php\/boutique\/"},{"@type":"ListItem","position":3,"name":"Housse de coussin Catherine &#8211; 4 tailles"}]},{"@type":"WebSite","@id":"https:\/\/lemanoirdeco.com\/#website","url":"https:\/\/lemanoirdeco.com\/","name":"Le Manoir D\u00e9coration","description":"Fabrication artisanale fran\u00e7aise d&#039;objets de d\u00e9co ","publisher":{"@id":"https:\/\/lemanoirdeco.com\/#organization"},"potentialAction":[{"@type":"SearchAction","target":{"@type":"EntryPoint","urlTemplate":"https:\/\/lemanoirdeco.com\/?s={search_term_string}"},"query-input":{"@type":"PropertyValueSpecification","valueRequired":true,"valueName":"search_term_string"}}],"inLanguage":"en-US"},{"@type":"Organization","@id":"https:\/\/lemanoirdeco.com\/#organization","name":"Le Manoir D\u00e9coration","alternateName":"Le Manoir D\u00e9co","url":"https:\/\/lemanoirdeco.com\/","logo":{"@type":"ImageObject","inLanguage":"en-US","@id":"https:\/\/lemanoirdeco.com\/#\/schema\/logo\/image\/","url":"https:\/\/mlnz6ajpdpgw.i.optimole.com\/cb:nZaz.3ac7\/w:auto\/h:auto\/q:90\/ig:avif\/https:\/\/lemanoirdeco.com\/wp-content\/uploads\/2023\/10\/cropped-LOGO-LE-MANOIR-HR.png","contentUrl":"https:\/\/mlnz6ajpdpgw.i.optimole.com\/cb:nZaz.3ac7\/w:auto\/h:auto\/q:90\/ig:avif\/https:\/\/lemanoirdeco.com\/wp-content\/uploads\/2023\/10\/cropped-LOGO-LE-MANOIR-HR.png","width":1429,"height":869,"caption":"Le Manoir D\u00e9coration"},"image":{"@id":"https:\/\/lemanoirdeco.com\/#\/schema\/logo\/image\/"},"sameAs":["https:\/\/www.instagram.com\/lemanoirdeco\/"]}]}},"_links":{"self":[{"href":"https:\/\/lemanoirdeco.com\/index.php\/wp-json\/wp\/v2\/product\/1041","targetHints":{"allow":["GET"]}}],"collection":[{"href":"https:\/\/lemanoirdeco.com\/index.php\/wp-json\/wp\/v2\/product"}],"about":[{"href":"https:\/\/lemanoirdeco.com\/index.php\/wp-json\/wp\/v2\/types\/product"}],"replies":[{"embeddable":true,"href":"https:\/\/lemanoirdeco.com\/index.php\/wp-json\/wp\/v2\/comments?post=1041"}],"wp:featuredmedia":[{"embeddable":true,"href":"https:\/\/lemanoirdeco.com\/index.php\/wp-json\/wp\/v2\/media\/1403"}],"wp:attachment":[{"href":"https:\/\/lemanoirdeco.com\/index.php\/wp-json\/wp\/v2\/media?parent=1041"}],"wp:term":[{"taxonomy":"product_brand","embeddable":true,"href":"https:\/\/lemanoirdeco.com\/index.php\/wp-json\/wp\/v2\/product_brand?post=1041"},{"taxonomy":"product_cat","embeddable":true,"href":"https:\/\/lemanoirdeco.com\/index.php\/wp-json\/wp\/v2\/product_cat?post=1041"},{"taxonomy":"product_tag","embeddable":true,"href":"https:\/\/lemanoirdeco.com\/index.php\/wp-json\/wp\/v2\/product_tag?post=1041"}],"curies":[{"name":"wp","href":"https:\/\/api.w.org\/{rel}","templated":true}]}}